{"id":286,"date":"2016-10-31T13:17:59","date_gmt":"2016-10-31T16:17:59","guid":{"rendered":"https:\/\/ensurquiza-cba.infd.edu.ar\/sitio\/?page_id=286"},"modified":"2026-04-09T10:27:54","modified_gmt":"2026-04-09T13:27:54","slug":"inicio","status":"publish","type":"page","link":"https:\/\/ensurquiza-cba.infd.edu.ar\/sitio\/","title":{"rendered":"Inicio"},"content":{"rendered":"<div>\u00a0<\/div>\n<div style=\"text-align: center;\"><strong>Ex\u00e1menes Previos, Libres y Equivalencia del Nivel Secundario<\/strong><\/div>\n<div style=\"text-align: center;\"><strong>Inscripciones<\/strong> por Mesa de Entrada Calle Constituci\u00f3n desde el <strong>13 al\u00a0 23 de Abril de 2026<\/strong><\/div>\n<div style=\"text-align: center;\">Mesas de Ex\u00e1menes <strong>29 y 30<\/strong> de Abril de 2026 &#8211; <a href=\"https:\/\/docs.google.com\/document\/d\/1Bhb69sn1nJg-YG57uoz5fwOIJEu3yu9x\/edit#heading=h.y9e4y9snk06z\">clic aqu\u00ed<\/a> para consultar d\u00eda y fecha<\/div>\n<div style=\"text-align: center;\"><a href=\"https:\/\/docs.google.com\/spreadsheets\/d\/1QWYwHvmjSN2hD0rWZUT9pp6TeoE9g4FbXaf3GcHJf6k\/edit?gid=0#gid=0\">Clic aqu\u00ed<\/a> para acceder a los horarios de tutor\u00edas existentes<\/div>\n<div>\u00a0<\/div>\n<div>\u00a0<\/div>\n<div>\u00a0<\/div>\n<div>\u00a0<\/div>\n<div style=\"text-align: center;\"><strong>\u00a1EL NORMAL ABRE SUS PUERTAS!<\/strong><\/div>\n<div style=\"text-align: center;\"><strong>EL NIVEL SUPERIOR TE INVITA A CONOCER SU OFERTA EDUCATIVA: PROFESORADOS Y TECNICATURAS<\/strong><\/div>\n<div><img decoding=\"async\" loading=\"lazy\" class=\"wp-image-3136 aligncenter\" src=\"https:\/\/ensurquiza-cba.infd.edu.ar\/sitio\/wp-content\/uploads\/2025\/10\/puertas-abiertas-563x1000.jpg\" alt=\"\" width=\"612\" height=\"1087\" srcset=\"https:\/\/ensurquiza-cba.infd.edu.ar\/sitio\/wp-content\/uploads\/2025\/10\/puertas-abiertas-563x1000.jpg 563w, https:\/\/ensurquiza-cba.infd.edu.ar\/sitio\/wp-content\/uploads\/2025\/10\/puertas-abiertas.jpg 720w\" sizes=\"(max-width: 612px) 100vw, 612px\" \/><\/div>\n<div style=\"text-align: center;\"><strong><strong>\u00a1TE ESPERAMOS!<\/strong><\/strong><\/p>\n<hr \/>\n<\/div>\n<div>\u00a0<\/div>\n<div style=\"text-align: center;\"><strong>OFERTA EDUCATIVA Y QR FORMULARIO PARA ASPIRANTES\/ INTERESADOS NIVEL SUPERIOR -PROFESORADOS- 2026<\/strong><\/div>\n<div class=\"text-orange cursor-pointer whitespace-normal inline\" style=\"text-align: center;\"><div id=\"metaslider-id-3100\" style=\"width: 100%; margin: 0 auto;\" class=\"ml-slider-3-33-0 metaslider metaslider-nivo metaslider-3100 ml-slider ms-theme-default\" role=\"region\" aria-roledescription=\"Slideshow\" aria-label=\"Slideshow\">\n    <div id=\"metaslider_container_3100\">\n        <div class='slider-wrapper theme-default'><div class='ribbon'><\/div><div id='metaslider_3100' class='nivoSlider'><img width=\"1280\" height=\"904\" src=\"https:\/\/ensurquiza-cba.infd.edu.ar\/sitio\/wp-content\/uploads\/2025\/10\/WhatsApp-Image-2025-10-22-at-17.32.33-1.jpeg\" class=\"slider-3100 slide-3118\" alt=\"\" decoding=\"async\" loading=\"lazy\" data-caption=\"\" data-thumb=\"\" title=\"WhatsApp Image 2025-10-22 at 17.32.33 (1)\" rel=\"\" srcset=\"https:\/\/ensurquiza-cba.infd.edu.ar\/sitio\/wp-content\/uploads\/2025\/10\/WhatsApp-Image-2025-10-22-at-17.32.33-1.jpeg 1280w, https:\/\/ensurquiza-cba.infd.edu.ar\/sitio\/wp-content\/uploads\/2025\/10\/WhatsApp-Image-2025-10-22-at-17.32.33-1-1000x706.jpeg 1000w, https:\/\/ensurquiza-cba.infd.edu.ar\/sitio\/wp-content\/uploads\/2025\/10\/WhatsApp-Image-2025-10-22-at-17.32.33-1-768x542.jpeg 768w\" sizes=\"(max-width: 1280px) 100vw, 1280px\" \/><img width=\"509\" height=\"721\" src=\"https:\/\/ensurquiza-cba.infd.edu.ar\/sitio\/wp-content\/uploads\/2025\/10\/WhatsApp-Image-2025-10-22-at-17.28.55.jpeg\" class=\"slider-3100 slide-3106\" alt=\"\" decoding=\"async\" loading=\"lazy\" data-caption=\"\" data-thumb=\"\" title=\"WhatsApp Image 2025-10-22 at 17.28.55\" rel=\"\" \/><img width=\"1201\" height=\"1200\" src=\"https:\/\/ensurquiza-cba.infd.edu.ar\/sitio\/wp-content\/uploads\/2025\/10\/WhatsApp-Image-2025-10-22-at-08.10.39-1.jpeg\" class=\"slider-3100 slide-3102\" alt=\"\" decoding=\"async\" loading=\"lazy\" data-caption=\"\" data-thumb=\"\" title=\"WhatsApp-Image-2025-10-22-at-08.10.39-1\" rel=\"\" srcset=\"https:\/\/ensurquiza-cba.infd.edu.ar\/sitio\/wp-content\/uploads\/2025\/10\/WhatsApp-Image-2025-10-22-at-08.10.39-1.jpeg 1201w, https:\/\/ensurquiza-cba.infd.edu.ar\/sitio\/wp-content\/uploads\/2025\/10\/WhatsApp-Image-2025-10-22-at-08.10.39-1-1000x1000.jpeg 1000w, https:\/\/ensurquiza-cba.infd.edu.ar\/sitio\/wp-content\/uploads\/2025\/10\/WhatsApp-Image-2025-10-22-at-08.10.39-1-500x500.jpeg 500w, https:\/\/ensurquiza-cba.infd.edu.ar\/sitio\/wp-content\/uploads\/2025\/10\/WhatsApp-Image-2025-10-22-at-08.10.39-1-768x767.jpeg 768w\" sizes=\"(max-width: 1201px) 100vw, 1201px\" \/><img width=\"1024\" height=\"1021\" src=\"https:\/\/ensurquiza-cba.infd.edu.ar\/sitio\/wp-content\/uploads\/2025\/10\/WhatsApp-Image-2025-10-23-at-18.34.07.jpeg\" class=\"slider-3100 slide-3131\" alt=\"\" decoding=\"async\" loading=\"lazy\" data-caption=\"\" data-thumb=\"\" title=\"WhatsApp Image 2025-10-23 at 18.34.07\" rel=\"\" srcset=\"https:\/\/ensurquiza-cba.infd.edu.ar\/sitio\/wp-content\/uploads\/2025\/10\/WhatsApp-Image-2025-10-23-at-18.34.07.jpeg 1024w, https:\/\/ensurquiza-cba.infd.edu.ar\/sitio\/wp-content\/uploads\/2025\/10\/WhatsApp-Image-2025-10-23-at-18.34.07-1000x997.jpeg 1000w, https:\/\/ensurquiza-cba.infd.edu.ar\/sitio\/wp-content\/uploads\/2025\/10\/WhatsApp-Image-2025-10-23-at-18.34.07-500x500.jpeg 500w, https:\/\/ensurquiza-cba.infd.edu.ar\/sitio\/wp-content\/uploads\/2025\/10\/WhatsApp-Image-2025-10-23-at-18.34.07-768x766.jpeg 768w\" sizes=\"(max-width: 1024px) 100vw, 1024px\" \/><img width=\"1201\" height=\"1200\" src=\"https:\/\/ensurquiza-cba.infd.edu.ar\/sitio\/wp-content\/uploads\/2025\/10\/WhatsApp-Image-2025-10-22-at-08.11.12-2.jpeg\" class=\"slider-3100 slide-3103\" alt=\"\" decoding=\"async\" loading=\"lazy\" data-caption=\"\" data-thumb=\"\" title=\"WhatsApp-Image-2025-10-22-at-08.11.12-2\" rel=\"\" srcset=\"https:\/\/ensurquiza-cba.infd.edu.ar\/sitio\/wp-content\/uploads\/2025\/10\/WhatsApp-Image-2025-10-22-at-08.11.12-2.jpeg 1201w, https:\/\/ensurquiza-cba.infd.edu.ar\/sitio\/wp-content\/uploads\/2025\/10\/WhatsApp-Image-2025-10-22-at-08.11.12-2-1000x1000.jpeg 1000w, https:\/\/ensurquiza-cba.infd.edu.ar\/sitio\/wp-content\/uploads\/2025\/10\/WhatsApp-Image-2025-10-22-at-08.11.12-2-500x500.jpeg 500w, https:\/\/ensurquiza-cba.infd.edu.ar\/sitio\/wp-content\/uploads\/2025\/10\/WhatsApp-Image-2025-10-22-at-08.11.12-2-768x767.jpeg 768w\" sizes=\"(max-width: 1201px) 100vw, 1201px\" \/><img width=\"1024\" height=\"1021\" src=\"https:\/\/ensurquiza-cba.infd.edu.ar\/sitio\/wp-content\/uploads\/2025\/10\/WhatsApp-Image-2025-10-23-at-18.34.06-1.jpeg\" class=\"slider-3100 slide-3132\" alt=\"\" decoding=\"async\" loading=\"lazy\" data-caption=\"\" data-thumb=\"\" title=\"WhatsApp Image 2025-10-23 at 18.34.06 (1)\" rel=\"\" srcset=\"https:\/\/ensurquiza-cba.infd.edu.ar\/sitio\/wp-content\/uploads\/2025\/10\/WhatsApp-Image-2025-10-23-at-18.34.06-1.jpeg 1024w, https:\/\/ensurquiza-cba.infd.edu.ar\/sitio\/wp-content\/uploads\/2025\/10\/WhatsApp-Image-2025-10-23-at-18.34.06-1-1000x997.jpeg 1000w, https:\/\/ensurquiza-cba.infd.edu.ar\/sitio\/wp-content\/uploads\/2025\/10\/WhatsApp-Image-2025-10-23-at-18.34.06-1-500x500.jpeg 500w, https:\/\/ensurquiza-cba.infd.edu.ar\/sitio\/wp-content\/uploads\/2025\/10\/WhatsApp-Image-2025-10-23-at-18.34.06-1-768x766.jpeg 768w\" sizes=\"(max-width: 1024px) 100vw, 1024px\" \/><img width=\"1201\" height=\"1200\" src=\"https:\/\/ensurquiza-cba.infd.edu.ar\/sitio\/wp-content\/uploads\/2025\/10\/WhatsApp-Image-2025-10-22-at-08.11.12-1-2.jpeg\" class=\"slider-3100 slide-3104\" alt=\"\" decoding=\"async\" loading=\"lazy\" data-caption=\"\" data-thumb=\"\" title=\"WhatsApp-Image-2025-10-22-at-08.11.12-1-2\" rel=\"\" srcset=\"https:\/\/ensurquiza-cba.infd.edu.ar\/sitio\/wp-content\/uploads\/2025\/10\/WhatsApp-Image-2025-10-22-at-08.11.12-1-2.jpeg 1201w, https:\/\/ensurquiza-cba.infd.edu.ar\/sitio\/wp-content\/uploads\/2025\/10\/WhatsApp-Image-2025-10-22-at-08.11.12-1-2-1000x1000.jpeg 1000w, https:\/\/ensurquiza-cba.infd.edu.ar\/sitio\/wp-content\/uploads\/2025\/10\/WhatsApp-Image-2025-10-22-at-08.11.12-1-2-500x500.jpeg 500w, https:\/\/ensurquiza-cba.infd.edu.ar\/sitio\/wp-content\/uploads\/2025\/10\/WhatsApp-Image-2025-10-22-at-08.11.12-1-2-768x767.jpeg 768w\" sizes=\"(max-width: 1201px) 100vw, 1201px\" \/><img width=\"1024\" height=\"1021\" src=\"https:\/\/ensurquiza-cba.infd.edu.ar\/sitio\/wp-content\/uploads\/2025\/10\/WhatsApp-Image-2025-10-23-at-18.34.06.jpeg\" class=\"slider-3100 slide-3130\" alt=\"\" decoding=\"async\" loading=\"lazy\" data-caption=\"\" data-thumb=\"\" title=\"WhatsApp Image 2025-10-23 at 18.34.06\" rel=\"\" srcset=\"https:\/\/ensurquiza-cba.infd.edu.ar\/sitio\/wp-content\/uploads\/2025\/10\/WhatsApp-Image-2025-10-23-at-18.34.06.jpeg 1024w, https:\/\/ensurquiza-cba.infd.edu.ar\/sitio\/wp-content\/uploads\/2025\/10\/WhatsApp-Image-2025-10-23-at-18.34.06-1000x997.jpeg 1000w, https:\/\/ensurquiza-cba.infd.edu.ar\/sitio\/wp-content\/uploads\/2025\/10\/WhatsApp-Image-2025-10-23-at-18.34.06-500x500.jpeg 500w, https:\/\/ensurquiza-cba.infd.edu.ar\/sitio\/wp-content\/uploads\/2025\/10\/WhatsApp-Image-2025-10-23-at-18.34.06-768x766.jpeg 768w\" sizes=\"(max-width: 1024px) 100vw, 1024px\" \/><\/div><\/div>\n        \n    <\/div>\n<\/div><\/div>\n<div class=\"tabla-contenedor\">\n<hr \/>\n<\/div>\n<div style=\"text-align: center;\"><strong>NOVEDADES 2025 SUPERIOR<\/strong><\/div>\n<div style=\"text-align: center;\"><div id=\"metaslider-id-3025\" style=\"width: 100%; margin: 0 auto;\" class=\"ml-slider-3-33-0 metaslider metaslider-nivo metaslider-3025 ml-slider ms-theme-default\" role=\"region\" aria-roledescription=\"Slideshow\" aria-label=\"Slideshow\">\n    <div id=\"metaslider_container_3025\">\n        <div class='slider-wrapper theme-default'><div class='ribbon'><\/div><div id='metaslider_3025' class='nivoSlider'><img width=\"1600\" height=\"1106\" src=\"https:\/\/ensurquiza-cba.infd.edu.ar\/sitio\/wp-content\/uploads\/2025\/03\/WhatsApp-Image-2025-03-04-at-15.09.44.jpeg\" class=\"slider-3025 slide-3026\" alt=\"\" decoding=\"async\" loading=\"lazy\" data-caption=\"\" data-thumb=\"\" title=\"WhatsApp Image 2025-03-04 at 15.09.44\" rel=\"\" srcset=\"https:\/\/ensurquiza-cba.infd.edu.ar\/sitio\/wp-content\/uploads\/2025\/03\/WhatsApp-Image-2025-03-04-at-15.09.44.jpeg 1600w, https:\/\/ensurquiza-cba.infd.edu.ar\/sitio\/wp-content\/uploads\/2025\/03\/WhatsApp-Image-2025-03-04-at-15.09.44-1000x691.jpeg 1000w, https:\/\/ensurquiza-cba.infd.edu.ar\/sitio\/wp-content\/uploads\/2025\/03\/WhatsApp-Image-2025-03-04-at-15.09.44-768x531.jpeg 768w, https:\/\/ensurquiza-cba.infd.edu.ar\/sitio\/wp-content\/uploads\/2025\/03\/WhatsApp-Image-2025-03-04-at-15.09.44-1536x1062.jpeg 1536w\" sizes=\"(max-width: 1600px) 100vw, 1600px\" \/><img width=\"1600\" height=\"1093\" src=\"https:\/\/ensurquiza-cba.infd.edu.ar\/sitio\/wp-content\/uploads\/2025\/03\/WhatsApp-Image-2025-03-04-at-15.08.47.jpeg\" class=\"slider-3025 slide-3027\" alt=\"\" decoding=\"async\" loading=\"lazy\" data-caption=\"\" data-thumb=\"\" title=\"WhatsApp Image 2025-03-04 at 15.08.47\" rel=\"\" srcset=\"https:\/\/ensurquiza-cba.infd.edu.ar\/sitio\/wp-content\/uploads\/2025\/03\/WhatsApp-Image-2025-03-04-at-15.08.47.jpeg 1600w, https:\/\/ensurquiza-cba.infd.edu.ar\/sitio\/wp-content\/uploads\/2025\/03\/WhatsApp-Image-2025-03-04-at-15.08.47-1000x683.jpeg 1000w, https:\/\/ensurquiza-cba.infd.edu.ar\/sitio\/wp-content\/uploads\/2025\/03\/WhatsApp-Image-2025-03-04-at-15.08.47-768x525.jpeg 768w, https:\/\/ensurquiza-cba.infd.edu.ar\/sitio\/wp-content\/uploads\/2025\/03\/WhatsApp-Image-2025-03-04-at-15.08.47-1536x1049.jpeg 1536w\" sizes=\"(max-width: 1600px) 100vw, 1600px\" \/><img width=\"1600\" height=\"1105\" src=\"https:\/\/ensurquiza-cba.infd.edu.ar\/sitio\/wp-content\/uploads\/2025\/03\/WhatsApp-Image-2025-03-04-at-15.07.50.jpeg\" class=\"slider-3025 slide-3028\" alt=\"\" decoding=\"async\" loading=\"lazy\" data-caption=\"\" data-thumb=\"\" title=\"WhatsApp Image 2025-03-04 at 15.07.50\" rel=\"\" srcset=\"https:\/\/ensurquiza-cba.infd.edu.ar\/sitio\/wp-content\/uploads\/2025\/03\/WhatsApp-Image-2025-03-04-at-15.07.50.jpeg 1600w, https:\/\/ensurquiza-cba.infd.edu.ar\/sitio\/wp-content\/uploads\/2025\/03\/WhatsApp-Image-2025-03-04-at-15.07.50-1000x691.jpeg 1000w, https:\/\/ensurquiza-cba.infd.edu.ar\/sitio\/wp-content\/uploads\/2025\/03\/WhatsApp-Image-2025-03-04-at-15.07.50-768x530.jpeg 768w, https:\/\/ensurquiza-cba.infd.edu.ar\/sitio\/wp-content\/uploads\/2025\/03\/WhatsApp-Image-2025-03-04-at-15.07.50-1536x1061.jpeg 1536w\" sizes=\"(max-width: 1600px) 100vw, 1600px\" \/><\/div><\/div>\n        \n    <\/div>\n<\/div><\/div>\n<div>\u00a0<\/div>\n<p style=\"text-align: center;\"><strong>OFERTA EDUCATIVA NIVELES INICIAL, PRIMARIO Y SECUNDARIO 2025<\/strong><\/p>\n<p style=\"text-align: center;\"><div id=\"metaslider-id-2951\" style=\"width: 100%; margin: 0 auto;\" class=\"ml-slider-3-33-0 metaslider metaslider-responsive metaslider-2951 ml-slider ms-theme-default\" role=\"region\" aria-roledescription=\"Slideshow\" aria-label=\"Slideshow\">\n    <div id=\"metaslider_container_2951\">\n        <ul id='metaslider_2951' class='rslides'>\n            <li aria-roledescription='slide' aria-labelledby='slide-0'><img width=\"1280\" height=\"720\" src=\"https:\/\/ensurquiza-cba.infd.edu.ar\/sitio\/wp-content\/uploads\/2024\/11\/Inscripciones-niveles-obligatorios-2025.jpeg\" class=\"slider-2951 slide-2952\" alt=\"\" decoding=\"async\" loading=\"lazy\" rel=\"\" title=\"Inscripciones niveles obligatorios 2025\" srcset=\"https:\/\/ensurquiza-cba.infd.edu.ar\/sitio\/wp-content\/uploads\/2024\/11\/Inscripciones-niveles-obligatorios-2025.jpeg 1280w, https:\/\/ensurquiza-cba.infd.edu.ar\/sitio\/wp-content\/uploads\/2024\/11\/Inscripciones-niveles-obligatorios-2025-1000x563.jpeg 1000w, https:\/\/ensurquiza-cba.infd.edu.ar\/sitio\/wp-content\/uploads\/2024\/11\/Inscripciones-niveles-obligatorios-2025-768x432.jpeg 768w\" sizes=\"(max-width: 1280px) 100vw, 1280px\" \/><\/li>\n        <\/ul>\n        \n    <\/div>\n<\/div><\/p>\n<div style=\"text-align: center;\">\u00a0<\/div>\n<div class=\"text-orange cursor-pointer whitespace-normal inline\" style=\"text-align: center;\"><div id=\"metaslider-id-2813\" style=\"width: 100%; margin: 0 auto;\" class=\"ml-slider-3-33-0 metaslider metaslider-responsive metaslider-2813 ml-slider ms-theme-default\" role=\"region\" aria-roledescription=\"Slideshow\" aria-label=\"Slideshow\">\n    <div id=\"metaslider_container_2813\">\n        <ul id='metaslider_2813' class='rslides'>\n            <li aria-roledescription='slide' aria-labelledby='slide-0'><img width=\"1600\" height=\"721\" src=\"https:\/\/ensurquiza-cba.infd.edu.ar\/sitio\/wp-content\/uploads\/2024\/08\/WhatsApp-Image-2024-08-23-at-18.10.03-1.jpeg\" class=\"slider-2813 slide-2814\" alt=\"\" decoding=\"async\" loading=\"lazy\" rel=\"\" title=\"WhatsApp Image 2024-08-23 at 18.10.03 (1)\" srcset=\"https:\/\/ensurquiza-cba.infd.edu.ar\/sitio\/wp-content\/uploads\/2024\/08\/WhatsApp-Image-2024-08-23-at-18.10.03-1.jpeg 1600w, https:\/\/ensurquiza-cba.infd.edu.ar\/sitio\/wp-content\/uploads\/2024\/08\/WhatsApp-Image-2024-08-23-at-18.10.03-1-1000x451.jpeg 1000w, https:\/\/ensurquiza-cba.infd.edu.ar\/sitio\/wp-content\/uploads\/2024\/08\/WhatsApp-Image-2024-08-23-at-18.10.03-1-768x346.jpeg 768w, https:\/\/ensurquiza-cba.infd.edu.ar\/sitio\/wp-content\/uploads\/2024\/08\/WhatsApp-Image-2024-08-23-at-18.10.03-1-1536x692.jpeg 1536w\" sizes=\"(max-width: 1600px) 100vw, 1600px\" \/><div class=\"caption-wrap\"><div class=\"caption\">estudiantes de los 6\u00b0 a\u00f1os de nuestra escuela recorren  junto a profesores, y coordinadores la UNRC con la finalidad de interiorizarse sobre las propuestas acad\u00e9micas del nivel universitario y conocer las diferentes facultades. Agradecemos la invitaci\u00f3n. <\/div><\/div><\/li>\n            <li style='display: none;' aria-roledescription='slide' aria-labelledby='slide-1'><img width=\"1280\" height=\"960\" src=\"https:\/\/ensurquiza-cba.infd.edu.ar\/sitio\/wp-content\/uploads\/2024\/08\/WhatsApp-Image-2024-08-23-at-18.10.03-2.jpeg\" class=\"slider-2813 slide-2815\" alt=\"\" decoding=\"async\" loading=\"lazy\" rel=\"\" title=\"WhatsApp Image 2024-08-23 at 18.10.03 (2)\" srcset=\"https:\/\/ensurquiza-cba.infd.edu.ar\/sitio\/wp-content\/uploads\/2024\/08\/WhatsApp-Image-2024-08-23-at-18.10.03-2.jpeg 1280w, https:\/\/ensurquiza-cba.infd.edu.ar\/sitio\/wp-content\/uploads\/2024\/08\/WhatsApp-Image-2024-08-23-at-18.10.03-2-1000x750.jpeg 1000w, https:\/\/ensurquiza-cba.infd.edu.ar\/sitio\/wp-content\/uploads\/2024\/08\/WhatsApp-Image-2024-08-23-at-18.10.03-2-768x576.jpeg 768w\" sizes=\"(max-width: 1280px) 100vw, 1280px\" \/><div class=\"caption-wrap\"><div class=\"caption\">estudiantes de los 6\u00b0 a\u00f1os de nuestra escuela recorren  junto a profesores, y coordinadores la UNRC con la finalidad de interiorizarse sobre las propuestas acad\u00e9micas del nivel universitario y conocer las diferentes facultades. Agradecemos la invitaci\u00f3n. <\/div><\/div><\/li>\n            <li style='display: none;' aria-roledescription='slide' aria-labelledby='slide-2'><img width=\"1600\" height=\"721\" src=\"https:\/\/ensurquiza-cba.infd.edu.ar\/sitio\/wp-content\/uploads\/2024\/08\/WhatsApp-Image-2024-08-23-at-18.10.03.jpeg\" class=\"slider-2813 slide-2816\" alt=\"\" decoding=\"async\" loading=\"lazy\" rel=\"\" title=\"WhatsApp Image 2024-08-23 at 18.10.03\" srcset=\"https:\/\/ensurquiza-cba.infd.edu.ar\/sitio\/wp-content\/uploads\/2024\/08\/WhatsApp-Image-2024-08-23-at-18.10.03.jpeg 1600w, https:\/\/ensurquiza-cba.infd.edu.ar\/sitio\/wp-content\/uploads\/2024\/08\/WhatsApp-Image-2024-08-23-at-18.10.03-1000x451.jpeg 1000w, https:\/\/ensurquiza-cba.infd.edu.ar\/sitio\/wp-content\/uploads\/2024\/08\/WhatsApp-Image-2024-08-23-at-18.10.03-768x346.jpeg 768w, https:\/\/ensurquiza-cba.infd.edu.ar\/sitio\/wp-content\/uploads\/2024\/08\/WhatsApp-Image-2024-08-23-at-18.10.03-1536x692.jpeg 1536w\" sizes=\"(max-width: 1600px) 100vw, 1600px\" \/><div class=\"caption-wrap\"><div class=\"caption\">estudiantes de los 6\u00b0 a\u00f1os de nuestra escuela recorren  junto a profesores, y coordinadores la UNRC con la finalidad de interiorizarse sobre las propuestas acad\u00e9micas del nivel universitario y conocer las diferentes facultades. Agradecemos la invitaci\u00f3n. <\/div><\/div><\/li>\n            <li style='display: none;' aria-roledescription='slide' aria-labelledby='slide-3'><img width=\"1280\" height=\"960\" src=\"https:\/\/ensurquiza-cba.infd.edu.ar\/sitio\/wp-content\/uploads\/2024\/08\/WhatsApp-Image-2024-08-23-at-18.10.35-2.jpeg\" class=\"slider-2813 slide-2817\" alt=\"\" decoding=\"async\" loading=\"lazy\" rel=\"\" title=\"WhatsApp Image 2024-08-23 at 18.10.35 (2)\" srcset=\"https:\/\/ensurquiza-cba.infd.edu.ar\/sitio\/wp-content\/uploads\/2024\/08\/WhatsApp-Image-2024-08-23-at-18.10.35-2.jpeg 1280w, https:\/\/ensurquiza-cba.infd.edu.ar\/sitio\/wp-content\/uploads\/2024\/08\/WhatsApp-Image-2024-08-23-at-18.10.35-2-1000x750.jpeg 1000w, https:\/\/ensurquiza-cba.infd.edu.ar\/sitio\/wp-content\/uploads\/2024\/08\/WhatsApp-Image-2024-08-23-at-18.10.35-2-768x576.jpeg 768w\" sizes=\"(max-width: 1280px) 100vw, 1280px\" \/><div class=\"caption-wrap\"><div class=\"caption\">estudiantes de los 6\u00b0 a\u00f1os de nuestra escuela recorren  junto a profesores, y coordinadores la UNRC con la finalidad de interiorizarse sobre las propuestas acad\u00e9micas del nivel universitario y conocer las diferentes facultades. Agradecemos la invitaci\u00f3n. <\/div><\/div><\/li>\n            <li style='display: none;' aria-roledescription='slide' aria-labelledby='slide-4'><img width=\"960\" height=\"1280\" src=\"https:\/\/ensurquiza-cba.infd.edu.ar\/sitio\/wp-content\/uploads\/2024\/08\/WhatsApp-Image-2024-08-23-at-18.10.35.jpeg\" class=\"slider-2813 slide-2821\" alt=\"\" decoding=\"async\" loading=\"lazy\" rel=\"\" title=\"WhatsApp Image 2024-08-23 at 18.10.35\" srcset=\"https:\/\/ensurquiza-cba.infd.edu.ar\/sitio\/wp-content\/uploads\/2024\/08\/WhatsApp-Image-2024-08-23-at-18.10.35.jpeg 960w, https:\/\/ensurquiza-cba.infd.edu.ar\/sitio\/wp-content\/uploads\/2024\/08\/WhatsApp-Image-2024-08-23-at-18.10.35-750x1000.jpeg 750w, https:\/\/ensurquiza-cba.infd.edu.ar\/sitio\/wp-content\/uploads\/2024\/08\/WhatsApp-Image-2024-08-23-at-18.10.35-768x1024.jpeg 768w\" sizes=\"(max-width: 960px) 100vw, 960px\" \/><div class=\"caption-wrap\"><div class=\"caption\">estudiantes de los 6\u00b0 a\u00f1os de nuestra escuela recorren  junto a profesores, y coordinadores la UNRC con la finalidad de interiorizarse sobre las propuestas acad\u00e9micas del nivel universitario y conocer las diferentes facultades. Agradecemos la invitaci\u00f3n. <\/div><\/div><\/li>\n            <li style='display: none;' aria-roledescription='slide' aria-labelledby='slide-5'><img width=\"721\" height=\"1600\" src=\"https:\/\/ensurquiza-cba.infd.edu.ar\/sitio\/wp-content\/uploads\/2024\/08\/WhatsApp-Image-2024-08-23-at-18.10.01.jpeg\" class=\"slider-2813 slide-2823\" alt=\"\" decoding=\"async\" loading=\"lazy\" rel=\"\" title=\"WhatsApp Image 2024-08-23 at 18.10.01\" srcset=\"https:\/\/ensurquiza-cba.infd.edu.ar\/sitio\/wp-content\/uploads\/2024\/08\/WhatsApp-Image-2024-08-23-at-18.10.01.jpeg 721w, https:\/\/ensurquiza-cba.infd.edu.ar\/sitio\/wp-content\/uploads\/2024\/08\/WhatsApp-Image-2024-08-23-at-18.10.01-451x1000.jpeg 451w, https:\/\/ensurquiza-cba.infd.edu.ar\/sitio\/wp-content\/uploads\/2024\/08\/WhatsApp-Image-2024-08-23-at-18.10.01-692x1536.jpeg 692w\" sizes=\"(max-width: 721px) 100vw, 721px\" \/><div class=\"caption-wrap\"><div class=\"caption\">estudiantes de los 6\u00b0 a\u00f1os de nuestra escuela recorren  junto a profesores, y coordinadores la UNRC con la finalidad de interiorizarse sobre las propuestas acad\u00e9micas del nivel universitario y conocer las diferentes facultades. Agradecemos la invitaci\u00f3n. <\/div><\/div><\/li>\n        <\/ul>\n        \n    <\/div>\n<\/div><\/div>\n<p>&nbsp;<\/p>\n<p style=\"text-align: center;\">\u00a0<\/p>\n","protected":false},"excerpt":{"rendered":"<p>\u00a0 Ex\u00e1menes Previos, Libres y Equivalencia del Nivel Secundario Inscripciones por Mesa de Entrada Calle Constituci\u00f3n desde el 13 al\u00a0 23 de Abril de 2026 Mesas de Ex\u00e1menes 29 y 30 de Abril de 2026 &#8211; clic aqu\u00ed para consultar d\u00eda y fecha Clic aqu\u00ed para acceder a los horarios de tutor\u00edas existentes \u00a0 \u00a0 &#8230; <a title=\"Inicio\" class=\"read-more\" href=\"https:\/\/ensurquiza-cba.infd.edu.ar\/sitio\/\" aria-label=\"More on Inicio\">[+]<\/a><\/p>\n","protected":false},"author":2480,"featured_media":0,"parent":0,"menu_order":0,"comment_status":"closed","ping_status":"closed","template":"","meta":[],"acf":[],"_links":{"self":[{"href":"https:\/\/ensurquiza-cba.infd.edu.ar\/sitio\/wp-json\/wp\/v2\/pages\/286"}],"collection":[{"href":"https:\/\/ensurquiza-cba.infd.edu.ar\/sitio\/wp-json\/wp\/v2\/pages"}],"about":[{"href":"https:\/\/ensurquiza-cba.infd.edu.ar\/sitio\/wp-json\/wp\/v2\/types\/page"}],"author":[{"embeddable":true,"href":"https:\/\/ensurquiza-cba.infd.edu.ar\/sitio\/wp-json\/wp\/v2\/users\/2480"}],"replies":[{"embeddable":true,"href":"https:\/\/ensurquiza-cba.infd.edu.ar\/sitio\/wp-json\/wp\/v2\/comments?post=286"}],"version-history":[{"count":399,"href":"https:\/\/ensurquiza-cba.infd.edu.ar\/sitio\/wp-json\/wp\/v2\/pages\/286\/revisions"}],"predecessor-version":[{"id":3187,"href":"https:\/\/ensurquiza-cba.infd.edu.ar\/sitio\/wp-json\/wp\/v2\/pages\/286\/revisions\/3187"}],"wp:attachment":[{"href":"https:\/\/ensurquiza-cba.infd.edu.ar\/sitio\/wp-json\/wp\/v2\/media?parent=286"}],"curies":[{"name":"wp","href":"https:\/\/api.w.org\/{rel}","templated":true}]}}