{"id":1632,"date":"2019-03-10T17:51:12","date_gmt":"2019-03-10T20:51:12","guid":{"rendered":"https:\/\/ensurquiza-cba.infd.edu.ar\/sitio\/?page_id=1632"},"modified":"2025-10-23T19:54:09","modified_gmt":"2025-10-23T22:54:09","slug":"tecnicaturas","status":"publish","type":"page","link":"https:\/\/ensurquiza-cba.infd.edu.ar\/sitio\/tecnicaturas\/","title":{"rendered":"Tecnicaturas"},"content":{"rendered":"<h3 style=\"text-align: left;\">Haciendo camino&#8230;<\/h3>\n<p>En la actualidad\u00a0<strong>la Escuela Normal Superior \u201cJusto Jos\u00e9 de Urquiza\u201d\u00a0<\/strong>da cuenta de una larga tradici\u00f3n en la formaci\u00f3n docente a la que\u00a0<strong>ha incorporado desde hace m\u00e1s de un lustro una oferta de formaci\u00f3n t\u00e9cnica.<\/strong>\u00a0A lo largo de la historia institucional la Instituci\u00f3n ha procurado establecer v\u00ednculos con distintas organizaciones de gesti\u00f3n p\u00fablica y privada de la ciudad y regi\u00f3n.\u00a0El desaf\u00edo actual se plantea en torno de entablar una vinculaci\u00f3n duradera en el tiempo con el sector productivo a partir de las actividades primarias, secundarias y terciarias que se realizan\u00a0<strong>en las ciudades de R\u00edo Cuarto<\/strong>, todas ellas orientadas, inicialmente, a satisfacer las demandas del sector agro productivo.<\/p>\n<p>Por otro lado,\u00a0 ofrecer profesionales y creativos, dando a la comunidad la posibilidad de tener acceso a una informaci\u00f3n y formaci\u00f3n de calidad, para poder estar acorde a las demandas sociales, laborales y profesionales. Asimismo, intentamos recuperar y fortalecer una hist\u00f3rica relaci\u00f3n de lazos interinstitucionales, entre escuelas y empresas a trav\u00e9s de numerosas redes de cooperaci\u00f3n otorgando valor e identificando a los productos que comercializa.<\/p>\n<p style=\"font-size: 16px; font-weight: 400;\"><img decoding=\"async\" loading=\"lazy\" class=\"wp-image-3112  alignright\" src=\"https:\/\/ensurquiza-cba.infd.edu.ar\/sitio\/wp-content\/uploads\/2025\/10\/WhatsApp-Image-2025-10-22-at-17.32.33-1-1000x706.jpeg\" alt=\"\" width=\"239\" height=\"169\" srcset=\"https:\/\/ensurquiza-cba.infd.edu.ar\/sitio\/wp-content\/uploads\/2025\/10\/WhatsApp-Image-2025-10-22-at-17.32.33-1-1000x706.jpeg 1000w, https:\/\/ensurquiza-cba.infd.edu.ar\/sitio\/wp-content\/uploads\/2025\/10\/WhatsApp-Image-2025-10-22-at-17.32.33-1-768x542.jpeg 768w, https:\/\/ensurquiza-cba.infd.edu.ar\/sitio\/wp-content\/uploads\/2025\/10\/WhatsApp-Image-2025-10-22-at-17.32.33-1.jpeg 1280w\" sizes=\"(max-width: 239px) 100vw, 239px\" \/><\/p>\n<h2 style=\"text-align: center;\">Actuales Ofertas Acad\u00e9micas<\/h2>\n<p>\u00a0<\/p>\n<h2 style=\"text-align: center;\"><strong>Tecnicatura Superior Administraci\u00f3n<\/strong><\/h2>\n<p><strong>Desde el<\/strong><strong>\u00a0a\u00f1o 2013\u00a0<\/strong>y<strong>\u00a0<\/strong>con una nueva denominaci\u00f3n\u00a0<strong>\u201cTecnicatura Superior\u00a0 Administraci\u00f3n\u00bb<\/strong> la Escuela cuenta con la oferta de T\u00e9cnicos Superiores en Administraci\u00f3n para que, en sus roles laborales, operen con responsabilidad y autonom\u00eda. Deben estar capacitados para tomar decisiones estrat\u00e9gicas en sus \u00e1reas de gesti\u00f3n, haciendo un uso efectivo de la tecnolog\u00eda. Reconocemos que la capacidad de pensar y actuar en el mundo digital es una competencia esencial en su campo profesional pra el cual se forman.\u00a0<\/p>\n<p style=\"text-align: center;\"><strong><img decoding=\"async\" src=\"https:\/\/ensurquiza-cba.infd.edu.ar\/sitio\/wp-content\/uploads\/2018\/08\/attachment.png\" alt=\"clip\" border=\"0\" \/><\/strong><strong>\u00a0<a href=\"https:\/\/ensurquiza-cba.infd.edu.ar\/aula\/archivos\/repositorio\/\/4250\/4260\/Plan_de_Estudio_-_TSA_1499-24.pdf\">PLAN DE ESTUDIO<\/a><\/strong><\/p>\n<p style=\"text-align: center;\"><strong><img decoding=\"async\" src=\"https:\/\/ensurquiza-cba.infd.edu.ar\/sitio\/wp-content\/uploads\/2018\/08\/attachment.png\" alt=\"clip\" border=\"0\" \/><\/strong><strong><a title=\"Resol 691\/13 tecnicatura\" href=\"https:\/\/ensurquiza-cba.infd.edu.ar\/sitio\/wp-content\/uploads\/2022\/10\/Tecnico-Superior-en-Administracion-1-1.pdf\" target=\"_blank\" rel=\"noopener\">PERFIL PROFESIONAL\u00a0<\/a><\/strong><\/p>\n<p>Los\/as aspirantes deber\u00e1n pre inscribirse a trav\u00e9s del sistema de gesti\u00f3n de estudiantes, desde la siguiente\u00a0p\u00e1gina:\u00a0<a href=\"http:\/\/www.cba.gov.ar\/gestion-estudiantes\/\" target=\"_blank\" rel=\"noopener\" data-saferedirecturl=\"https:\/\/www.google.com\/url?hl=es-419&amp;q=http:\/\/www.cba.gov.ar\/gestion-estudiantes\/&amp;source=gmail&amp;ust=1507768203750000&amp;usg=AFQjCNGk00OIhRFAzc1c3ajBHdAcNBwiZw\">http:\/\/www.cba.gov.ar\/gestion-estudiantes\/<\/a>\u00a0luego aqu\u00ed tienen que ingresar al enlace llamado \u201cPre Matricula \u2013 Nivel Superior\u201d y all\u00ed mediante su usuario\u00a0CiDi\u00a0podr\u00e1n elegir la carrera a la cual pre-matricularse.<\/p>\n<p style=\"text-align: center;\"><div id=\"metaslider-id-1467\" style=\"width: 100%; margin: 0 auto;\" class=\"ml-slider-3-33-0 metaslider metaslider-flex metaslider-1467 ml-slider ms-theme-default\" role=\"region\" aria-roledescription=\"Slideshow\" aria-label=\"Slideshow\">\n    <div id=\"metaslider_container_1467\">\n        <div id=\"metaslider_1467\" class=\"flexslider\">\n            <ul aria-live=\"polite\" class=\"slides\">\n                <li style=\"display: block; width: 100%;\" class=\"slide-1495 ms-image\" aria-roledescription=\"slide\" aria-label=\"slide-1495\"><img src=\"https:\/\/ensurquiza-cba.infd.edu.ar\/sitio\/wp-content\/uploads\/2018\/09\/Tenci1-1-1040x283.png\" height=\"300\" width=\"1100\" alt=\"\" class=\"slider-1467 slide-1495\" title=\"Tenci1\" \/><\/li>\n                <li style=\"display: none; width: 100%;\" class=\"slide-1473 ms-image\" aria-roledescription=\"slide\" aria-label=\"slide-1473\"><img src=\"https:\/\/ensurquiza-cba.infd.edu.ar\/sitio\/wp-content\/uploads\/2018\/09\/IMG-20180921-WA0015-1-1100x300.jpg\" height=\"300\" width=\"1100\" alt=\"\" class=\"slider-1467 slide-1473\" title=\"IMG-20180921-WA0015\" \/><div class=\"caption-wrap\"><div class=\"caption\">Festejando el d\u00eda de Estudiante 2018 en las Tecnicaturas de nuestra Escuela!!<\/div><\/div><\/li>\n                <li style=\"display: none; width: 100%;\" class=\"slide-1474 ms-image\" aria-roledescription=\"slide\" aria-label=\"slide-1474\"><img src=\"https:\/\/ensurquiza-cba.infd.edu.ar\/sitio\/wp-content\/uploads\/2018\/09\/IMG-20180921-WA0011-960x261.jpg\" height=\"300\" width=\"1100\" alt=\"\" class=\"slider-1467 slide-1474\" title=\"IMG-20180921-WA0011\" \/><\/li>\n                <li style=\"display: none; width: 100%;\" class=\"slide-1475 ms-image\" aria-roledescription=\"slide\" aria-label=\"slide-1475\"><img src=\"https:\/\/ensurquiza-cba.infd.edu.ar\/sitio\/wp-content\/uploads\/2018\/09\/IMG-20180921-WA0009-1100x300.jpg\" height=\"300\" width=\"1100\" alt=\"\" class=\"slider-1467 slide-1475\" title=\"IMG-20180921-WA0009\" \/><\/li>\n                <li style=\"display: none; width: 100%;\" class=\"slide-1483 ms-image\" aria-roledescription=\"slide\" aria-label=\"slide-1483\"><img src=\"https:\/\/ensurquiza-cba.infd.edu.ar\/sitio\/wp-content\/uploads\/2018\/09\/IMG-20180921-WA0010-1032x281.jpg\" height=\"300\" width=\"1100\" alt=\"\" class=\"slider-1467 slide-1483\" title=\"IMG-20180921-WA0010\" \/><\/li>\n                <li style=\"display: none; width: 100%;\" class=\"slide-1484 ms-image\" aria-roledescription=\"slide\" aria-label=\"slide-1484\"><img src=\"https:\/\/ensurquiza-cba.infd.edu.ar\/sitio\/wp-content\/uploads\/2018\/09\/IMG-20180921-WA0015-1100x300.jpg\" height=\"300\" width=\"1100\" alt=\"\" class=\"slider-1467 slide-1484\" title=\"IMG-20180921-WA0015\" \/><div class=\"caption-wrap\"><div class=\"caption\">Tecnicatura Superior en Gesti\u00f3n de las Organizaciones <\/div><\/div><\/li>\n            <\/ul>\n        <\/div>\n        \n    <\/div>\n<\/div><\/p>\n<hr \/>\n<h2 style=\"text-align: center;\"><strong>T\u00e9cnico Superior en Dise\u00f1o Gr\u00e1fico<\/strong><\/h2>\n<p><strong>Desde el a\u00f1o 2018<\/strong> se incorpora esta nueva oferta acad\u00e9mica que representa un gran desaf\u00edo institucional. Buscamos formar\u00a0un profesional preparado para poseer conocimientos, destrezas y habilidades en la producci\u00f3n de dise\u00f1o gr\u00e1fico, ejercicio y direcci\u00f3n de proyectos en forma independiente o en equipos interdisciplinarios, en el campo de la producci\u00f3n visual, capaz de resolver complejas problem\u00e1ticas emanadas\u00a0de una necesidad y de un entorno constante de cambios.\u00a0Este t\u00e9cnico podr\u00e1 desarrollar el estudio de dise\u00f1o, agencias publicitarias, empresas editoriales, consultoras. Instituciones del Estado privadas o de bien p\u00fablico, productoras fotogr\u00e1ficas.<\/p>\n<p style=\"text-align: center;\"><strong><img decoding=\"async\" src=\"https:\/\/ensurquiza-cba.infd.edu.ar\/sitio\/wp-content\/uploads\/2018\/08\/attachment.png\" alt=\"clip\" border=\"0\" \/><a href=\"https:\/\/drive.google.com\/file\/d\/16TS4R5WmYwKazEgtVS4J-jt9pNrDXWcT\/view?usp=sharing\" target=\"_blank\" rel=\"noopener\">RESOLUCI\u00d3N Y PLAN DE ESTUDIO<\/a> <\/strong><\/p>\n<p style=\"text-align: center;\"><div id=\"metaslider-id-1674\" style=\"width: 100%; margin: 0 auto;\" class=\"ml-slider-3-33-0 metaslider metaslider-flex metaslider-1674 ml-slider ms-theme-default\" role=\"region\" aria-roledescription=\"Slideshow\" aria-label=\"Slideshow\">\n    <div id=\"metaslider_container_1674\">\n        <div id=\"metaslider_1674\" class=\"flexslider\">\n            <ul aria-live=\"polite\" class=\"slides\">\n                <li style=\"display: block; width: 100%;\" class=\"slide-1680 ms-image\" aria-roledescription=\"slide\" aria-label=\"slide-1680\"><img src=\"https:\/\/ensurquiza-cba.infd.edu.ar\/sitio\/wp-content\/uploads\/2019\/03\/TSDG1-1100x350.jpg\" height=\"350\" width=\"1100\" alt=\"\" class=\"slider-1674 slide-1680\" title=\"TSDG1\" \/><\/li>\n                <li style=\"display: none; width: 100%;\" class=\"slide-1681 ms-image\" aria-roledescription=\"slide\" aria-label=\"slide-1681\"><img src=\"https:\/\/ensurquiza-cba.infd.edu.ar\/sitio\/wp-content\/uploads\/2019\/03\/tsdg1-283x90.png\" height=\"350\" width=\"1100\" alt=\"\" class=\"slider-1674 slide-1681\" title=\"tsdg1\" \/><\/li>\n                <li style=\"display: none; width: 100%;\" class=\"slide-1682 ms-image\" aria-roledescription=\"slide\" aria-label=\"slide-1682\"><img src=\"https:\/\/ensurquiza-cba.infd.edu.ar\/sitio\/wp-content\/uploads\/2019\/03\/tsdg2-283x90.png\" height=\"350\" width=\"1100\" alt=\"\" class=\"slider-1674 slide-1682\" title=\"tsdg2\" \/><\/li>\n                <li style=\"display: none; width: 100%;\" class=\"slide-1683 ms-image\" aria-roledescription=\"slide\" aria-label=\"slide-1683\"><img src=\"https:\/\/ensurquiza-cba.infd.edu.ar\/sitio\/wp-content\/uploads\/2019\/03\/tsdg3-283x90.png\" height=\"350\" width=\"1100\" alt=\"\" class=\"slider-1674 slide-1683\" title=\"tsdg3\" \/><\/li>\n                <li style=\"display: none; width: 100%;\" class=\"slide-1684 ms-image\" aria-roledescription=\"slide\" aria-label=\"slide-1684\"><img src=\"https:\/\/ensurquiza-cba.infd.edu.ar\/sitio\/wp-content\/uploads\/2019\/03\/tsdg4-283x90.png\" height=\"350\" width=\"1100\" alt=\"\" class=\"slider-1674 slide-1684\" title=\"tsdg4\" \/><\/li>\n            <\/ul>\n        <\/div>\n        \n    <\/div>\n<\/div><\/p>\n<hr \/>\n<p style=\"text-align: center;\">\u00a0<\/p>\n\n\n<h2 class=\"wp-block-heading has-text-align-center\"><strong>Tecnicatura Superior en Log\u00edstica<\/strong><\/h2>\n\n\n\n<p><strong>Desde el a\u00f1o 2025 <\/strong>sumamos una nueva Tecnicatura Superior a la oferta acad\u00e9mica: en Log\u00edstica. El\/La T\u00e9cnico Superior en Log\u00edstica es un profesional que puede:<\/p>\n\n\n\n<ul>\n<li>Organizar y gestionar la recepci\u00f3n, el almacenamiento, el despacho y la distribuci\u00f3n de<br>diversos insumos, bienes y servicios.<\/li>\n\n\n\n<li>Coordinar y gestionar el transporte.<\/li>\n\n\n\n<li>Dise\u00f1ar y dirigir procesos de relaciones log\u00edsticas entre proveedores, empresas, clientes y consumidores finales.<\/li>\n\n\n\n<li>Definir y evaluar procesos Log\u00edsticos Integrales de alcance regional, nacional e internacional.<\/li>\n\n\n\n<li>Generar propuestas innovadoras y\/o emprendimientos productivos propios del \u00e1mbito de la<br>log\u00edstica.<\/li>\n<\/ul>\n\n\n\n<p class=\"has-text-align-center\"><strong><a href=\"https:\/\/drive.google.com\/file\/d\/1410OKSFm8mUs5JOzSpQ1effyKVHkdX5-\/view\">RESOLUCI\u00d3N<\/a> &#8211;<\/strong> <strong><a href=\"https:\/\/drive.google.com\/file\/d\/1a7dKrhCuF15WH3T5x8a_ld0omCclETdm\/view\">PLAN DE ESTUDIO<\/a><\/strong><\/p>\n\n\n\n<p class=\"has-text-align-center\"><strong><a href=\"https:\/\/www.ispc.edu.ar\/tecnicatura-superior-en-logistica\/\" target=\"_blank\" rel=\"noreferrer noopener\">PERFIL PROFESIONAL&nbsp;<\/a><\/strong><\/p>\n\n\n\n<p class=\"has-text-align-center\"><strong><a href=\"https:\/\/drive.google.com\/file\/d\/1Bz2Q1musl4xjwI7FHcuGKN1ZrtNhAMVV\/view\">ESQUEMA DE CORRELATIVIDADES<\/a><\/strong><\/p>\n\n\n\n<p>Los\/as aspirantes deber\u00e1n pre inscribirse a trav\u00e9s del sistema de gesti\u00f3n de estudiantes, desde la siguiente&nbsp;p\u00e1gina:&nbsp;<a href=\"http:\/\/www.cba.gov.ar\/gestion-estudiantes\/\" target=\"_blank\" rel=\"noreferrer noopener\">http:\/\/www.cba.gov.ar\/gestion-estudiantes\/<\/a>&nbsp;luego aqu\u00ed tienen que ingresar al enlace llamado \u201cPre Matricula \u2013 Nivel Superior\u201d y all\u00ed mediante su usuario&nbsp;CiDi&nbsp;podr\u00e1n elegir la carrera a la cual pre-matricularse.<\/p>\n\n\n\n<p><\/p>\n\n\n\n<p><\/p>\n","protected":false},"excerpt":{"rendered":"<p>Haciendo camino&#8230; En la actualidad\u00a0la Escuela Normal Superior \u201cJusto Jos\u00e9 de Urquiza\u201d\u00a0da cuenta de una larga tradici\u00f3n en la formaci\u00f3n docente a la que\u00a0ha incorporado desde hace m\u00e1s de un lustro una oferta de formaci\u00f3n t\u00e9cnica.\u00a0A lo largo de la historia institucional la Instituci\u00f3n ha procurado establecer v\u00ednculos con distintas organizaciones de gesti\u00f3n p\u00fablica y &#8230; <a title=\"Tecnicaturas\" class=\"read-more\" href=\"https:\/\/ensurquiza-cba.infd.edu.ar\/sitio\/tecnicaturas\/\" aria-label=\"More on Tecnicaturas\">[+]<\/a><\/p>\n","protected":false},"author":1278,"featured_media":0,"parent":0,"menu_order":0,"comment_status":"closed","ping_status":"closed","template":"","meta":[],"acf":[],"_links":{"self":[{"href":"https:\/\/ensurquiza-cba.infd.edu.ar\/sitio\/wp-json\/wp\/v2\/pages\/1632"}],"collection":[{"href":"https:\/\/ensurquiza-cba.infd.edu.ar\/sitio\/wp-json\/wp\/v2\/pages"}],"about":[{"href":"https:\/\/ensurquiza-cba.infd.edu.ar\/sitio\/wp-json\/wp\/v2\/types\/page"}],"author":[{"embeddable":true,"href":"https:\/\/ensurquiza-cba.infd.edu.ar\/sitio\/wp-json\/wp\/v2\/users\/1278"}],"replies":[{"embeddable":true,"href":"https:\/\/ensurquiza-cba.infd.edu.ar\/sitio\/wp-json\/wp\/v2\/comments?post=1632"}],"version-history":[{"count":24,"href":"https:\/\/ensurquiza-cba.infd.edu.ar\/sitio\/wp-json\/wp\/v2\/pages\/1632\/revisions"}],"predecessor-version":[{"id":3165,"href":"https:\/\/ensurquiza-cba.infd.edu.ar\/sitio\/wp-json\/wp\/v2\/pages\/1632\/revisions\/3165"}],"wp:attachment":[{"href":"https:\/\/ensurquiza-cba.infd.edu.ar\/sitio\/wp-json\/wp\/v2\/media?parent=1632"}],"curies":[{"name":"wp","href":"https:\/\/api.w.org\/{rel}","templated":true}]}}